ppose 8*n = 7*n + 44. Let b = -20 + n. Calculate the highest common factor of 24 and b.
24
Suppose -8*g = -3*g - 90. Suppose 161 = 3*z + 26. Calculate the greatest common divisor of g and z.
9
Let a(q) = q**3 - 9*q**2 - 10*q. Let f be a(10). Suppose 5*s - k = 176, -4*s + s + k + 106 = f. Calculate the highest common divisor of 14 and s.
7
Let b(u) = u**3 + 17*u**2 - 17*u + 33. Let w be b(-18). What is the greatest common divisor of w and 105?
15
Suppose 4*t = 2*f + 90, -5*t + 5*f + 93 = -32. Let o = -55 - -25. Let y = -20 - o. What is the highest common factor of y and t?
10
Let h(y) = y**2 - 4*y + 12. Let o be h(4). Calculate the highest common divisor of 3 and o.
3
Let w be (12*1)/(2/8). Let a(b) = b + 8. Let d be a(-2). Calculate the highest common factor of d and w.
6
Suppose -11 = 4*m - 3. Let x be m - ((-3 - 9) + 2). Calculate the greatest common divisor of x and 2.
2
Let x = 127 - 119. What is the highest common factor of 12 and x?
4
Let f(c) = -c**3 + 5*c**2 - 2*c + 3. Let m be f(4). Let n = 122 - 34. Calculate the highest common factor of m and n.
11
Suppose 3*c + 2 = 2*c. Let z be c/2 - -1*22. Calculate the highest common factor of 14 and z.
7
Let k = -46 + 88. Calculate the highest common divisor of 6 and k.
6
Let b(s) = 11*s - 2. Let z be b(1). What is the greatest common factor of z and 36?
9
Let l be 12/4*(-56)/(-6). Let t(d) = -d + 5. Let v be t(4). Let m be 2 - v/(2/(-80)). Calculate the highest common divisor of m and l.
14
Suppose 5*u = 2*o + 117, 0 = -5*u + u + 4*o + 84. Let q be u/5*12/5. Suppose -6*y + q = -2*y. Calculate the greatest common divisor of y and 3.
3
Suppose -1846 = -4*z - z + s, 0 = -s - 1. What is the highest common factor of z and 41?
41
Suppose -r = -2*r + 32. Let s be (r/6)/(1/3). What is the greatest common factor of 64 and s?
16
Let f be -1 - (1 + 0 - 4). Suppose -5*w = 3*j - 52, f*j + w + 26 = 4*j. Calculate the highest common factor of 28 and j.
14
Let h(f) = -f - 2. Let n be h(-4). Let o(j) = j + 1. Let p be o(-2). Let y = p + 3. What is the highest common factor of y and n?
2
Let p(q) = -40*q - 2. Let l be p(-1). What is the highest common divisor of 57 and l?
19
Let w = 30 - -40. Let t be (1 + -1)/(4 - 2). Suppose -5*i + w = -t*i. Calculate the highest common factor of 7 and i.
7
Suppose -g + 3*g = b + 89, 5*g = -4*b + 229. Let h = g + -31. Calculate the highest common factor of h and 28.
14
Let m(n) be the second derivative of -2*n**3/3 + n**2 + 2*n. Let t be m(-3). Suppose -4*z = -3*z - t. Calculate the highest common factor of z and 35.
7
Let n be (-1 - 1)*14/(-4). Calculate the greatest common factor of n and 14.
7
Let a(d) = 3*d - 13. Let j be a(9). What is the greatest common factor of 14 and j?
14
Suppose 4*f - 5*d = f + 86, 3*d - 126 = -3*f. Suppose 3*p - 234 = -4*u + u, -2*u + 3*p + 181 = 0. Let m = u + f. What is the highest common factor of m and 15?
15
Let x(d) = -d**3 + 4*d**2 - 4*d + 3. Let l be (-4)/5*5/(-2). Let i be x(l). What is the highest common factor of 3 and i?
3
Let r = 67 - 17. Calculate the greatest common divisor of r and 10.
10
Let r = 1 - -79. What is the greatest common divisor of 16 and r?
16
Let q(w) = -9*w + 2. Let z be q(-2). Suppose 0 = -3*a - 5 + z. Suppose 0 = -a*u + 39 + 11. Calculate the greatest common divisor of 2 and u.
2
Let h(p) = -13*p**3 - p**2. Let v be h(2). Let o be (v/(-10))/((-12)/(-90)). Calculate the greatest common factor of o and 9.
9
Let j = -38 + 58. Calculate the highest common divisor of j and 50.
10
Let y be 5 - (4 - (3 + -3)). What is the greatest common factor of y and 3?
1
Let p(h) = 15*h**2 + h + 8. Let t be p(0). Let k = 17 + -37. Let q = k + 44. What is the highest common divisor of q and t?
8
Suppose 3*a + 69 = 84. Let c be (-1)/(-2)*(0 - -18). Suppose -c = -5*i + 16. What is the greatest common divisor of i and a?
5
Suppose -3*f + 15 = w, 4*w + 3*f - 34 = 4*f. Suppose 0 = -d - 3*y + 87, 0 = 3*d - 2*d + 5*y - 97. Calculate the greatest common divisor of d and w.
9
Let b be (-45)/(0 - (1 + 0)). Let t(c) = -c**3 + c**2 + 2*c - 1. Let n be t(1). Let a be 29/1 - n/(-1). What is the greatest common divisor of a and b?
15
Suppose -4*k + 0*k + 32 = 0. What is the greatest common divisor of k and 72?
8
Let i(b) = -b**2 - 16*b - 21. Let u be i(-9). Calculate the highest common factor of u and 63.
21
Let h(s) = -s**2 + 2*s + 36. Let d be h(0). What is the greatest common divisor of 9 and d?
9
Suppose 3*l = -t - t + 630, -422 = -2*l - 2*t. What is the highest common divisor of l and 16?
16
Suppose 0 = 3*a + a - 1224. Suppose w + 2*w = a. Suppose -2*z = z - w. What is the greatest common factor of z and 51?
17
Let r(w) = w**2 - 73. Let z be r(0). Let a = 103 + z. Calculate the greatest common divisor of a and 10.
10
Let r(y) = -11*y + 5. Let p be r(-5). Let q be (84/(-30))/((-2)/p). What is the greatest common factor of 21 and q?
21
Let f(c) = -c**2 + 9*c + 5. Let z be f(7). What is the highest common factor of z and 57?
19
Let q = 12 - 43. Let d = q + 44. Suppose c + 5*t = 92, c - 6*c = -4*t - 605. Calculate the highest common divisor of c and d.
13
Let c(h) = h + 20. Let i be c(7). What is the greatest common divisor of i and 108?
27
Let b = -48 + 57. Calculate the greatest common divisor of b and 99.
9
Let y(v) = -21*v - 5. Let b(u) = -u + 1. Let c = -3 + 4. Let w(p) = c*y(p) + 4*b(p). Let d be w(-1). What is the greatest common divisor of d and 3?
3
Let r(s) = -18*s + 2. Let t be r(-5). Suppose -5*m - 5*b + 3 + t = 0, 0 = 3*m + b - 49. Let d be 73/5 + 6/m. What is the highest common divisor of 10 and d?
5
Suppose 0 = 2*o - 87 - 21. What is the highest common divisor of o and 36?
18
Let f(r) = r**2 - 4*r + 4. Let a be f(3). Calculate the greatest common factor of a and 1.
1
Suppose 4 = 3*d - 7*d. Let f = d + 8. Let q be 3/9 - 146/(-3). What is the greatest common divisor of q and f?
7
Suppose -4*d - 5 = 2*j - 3*j, 4*j = -3*d + 96. Let q = j + 14. What is the greatest common factor of q and 14?
7
Suppose -4*i + i = 15. Let t = i - -7. Let b be t + 1/(-1) - -12. Calculate the highest common divisor of 143 and b.
13
Let i = -106 + 210. Calculate the greatest common divisor of i and 26.
26
Let v = -3 + 2. Let o be (-99)/(1 + 2)*v. Let h = 105 - o. Calculate the greatest common factor of h and 18.
18
Let n be 98 + (-2)/(-1*2). Let w be 1*(13 - (3 - 1)). What is the greatest common factor of w and n?
11
Let x be 1020/27 + -2 - (-12)/54. What is the greatest common factor of 9 and x?
9
Let y = 3 - 1. Let v be ((2 + 2)*1)/y. Calculate the greatest common factor of 18 and v.
2
Let a = 6 + -6. Suppose -2*r + 6*r + 20 = a. Let l be (-54)/r*(-3 - -13). Calculate the greatest common factor of 12 and l.
12
Suppose 3*f - 14 = 2*l - 7, -29 = -l - 5*f. Suppose -3*p + 1 = l. Let h be (-1)/p + (-1 - -77). Calculate the greatest common divisor of h and 11.
11
Let z(q) = q**2 + q + 7. Let m be z(-5). What is the highest common divisor of m and 27?
27
Suppose f = b - 2*b - 6, -3*f + 18 = -b. Suppose -h - i = -47, 48 = 2*h + i - 48. Let k = b + h. What is the highest common factor of 16 and k?
8
Suppose 0 = -2*o + o + 60. Let g(m) be the second derivative of m**4/6 + 2*m**3/3 - 4*m**2 - m. Let f be g(-6). Calculate the greatest common factor of o and f.
20
Let k = -9 + 13. Suppose -k*s + 2*s = -6. What is the greatest common divisor of s and 2?
1
Let x(t) = 2*t**2 - 6*t - 8. Let a = 20 + -14. Let g be x(a). What is the highest common divisor of g and 14?
14
Let z be -4 - 0 - 11/(44/(-832)). Calculate the greatest common factor of z and 51.
51
Suppose -3*h + 16 = 4*f, -3*h + 33 = 5*f + 13. Suppose 160 = 4*z + 4*r, h = 2*z - 2*r - 48 - 52. Calculate the greatest common factor of 18 and z.
9
Let d = 10 + -8. Suppose 2*u = -2*x + 124, -d*x + 14 + 53 = u. Let g be -1 + 0/3 + u. Calculate the greatest common divisor of g and 7.
7
Suppose 0 = 2*s - 3*z - 79, 177 = 5*s - 5*z - 28. What is the highest common factor of 11 and s?
11
Suppose -2*y + 7*y - 4*h - 106 = 0, 2*y - 3*h - 41 = 0. Calculate the greatest common factor of 44 and y.
22
Suppose p = -5*y + 54, 5*y + 3*p - 4*p = 46. Calculate the greatest common factor of 4 and y.
2
Suppose 5*d - 2*l = 188, -d - 2*l + 3*l + 37 = 0. Suppose -g + 34 = 3*w, 3*g - d = -3*w - 2*g. What is the greatest common factor of w and